ns digit of r?
6
Suppose 0 = 2*d - 5*c - 4529 - 8591, 4*c - 19680 = -3*d. What is the units digit of d?
0
Suppose 5*d + 232 = -w, -d + w - 50 = -0*w. Let r = 49 + d. Suppose -u + l = 5*l - 67, r*u + 5*l - 131 = 0. What is the units digit of u?
3
What is the units digit of (22012/8*(21 - 13))/4?
3
Let u(d) = 474*d**2 - 95*d - 213. What is the ten thousands digit of u(-12)?
6
Let q = -77 + 77. Suppose 44*d - 49*d + 10 = q. What is the tens digit of -1*(2916/(-15) + d/5)?
9
Let g be 54/(-21)*42/9. Let s = 15 + g. Let v = 63 - s. What is the tens digit of v?
6
Let t = 325 - 454. Let i = 372 + t. What is the units digit of i?
3
Let g = -14586 - -24732. What is the units digit of g?
6
Let d = 5 - 0. Suppose -5*m = -d*u, -5*u = 4*m - u - 40. Suppose m*b = 8*b - 222. What is the tens digit of b?
7
Let n(i) be the first derivative of 25/2*i**2 + 7 - 2*i. What is the units digit of n(3)?
3
Let s(i) = 22*i**2 - 67*i - 887. What is the ten thousands digit of s(-28)?
1
Let b be 1310/(-55) - (-2)/(-11). Let k(a) = a**3 + 26*a**2 + 19*a. What is the tens digit of k(b)?
9
Let y = -461 - -464. Suppose y*s + 8 + 4 = 0, 4*s + 1149 = g. What is the thousands digit of g?
1
Let o(j) = -j**3 - 2*j**2 + j - 4. Let m be o(-3). Let v(c) = 31*c**m + 5 + 0*c - 14*c**2 - 7*c. What is the units digit of v(2)?
9
Let o(w) = -4*w - 3. Let l be o(-5). Suppose -15*h - l*h = -12192. What is the tens digit of h?
8
Suppose 4*v + 3*n + 2*n - 6 = 0, -v - 6 = 5*n. Suppose 5*t = -2*y - 10, -t - v = t - 4*y. What is the units digit of (t - -6)/1 + 91?
5
Let y(z) = 13*z**2 + 2*z + 75. Let r be y(-7). Suppose 2*n - 156 + r = 4*s, -s = 3*n - 125. What is the units digit of s?
4
Let b = 1751 - -4844. What is the thousands digit of b?
6
Let g = 47 + -42. Suppose a + a = -2*c + 242, 595 = g*a + 3*c. Suppose 0 = -0*i + 3*i + 4*h - a, -2 = -h. What is the units digit of i?
6
Suppose 26999 + 162211 = 21*f. What is the tens digit of f?
1
Let m = 8 + -8. Suppose -5*l + 382 - 97 = m. Suppose 0 = -3*p + l + 24. What is the units digit of p?
7
Suppose 5*q + 34 + 36 = 2*k, -5*q = -k + 30. Suppose -13 = 9*w - k. What is the tens digit of w/(-6)*(-128 - 0 - -4)?
6
Let v = 126795 + -85634. What is the tens digit of v?
6
Let b(u) = 2*u**3 - u**2 - 8*u + 37. Let k be b(8). Let j = k - 615. What is the tens digit of j?
1
Let i(o) be the second derivative of -o**3/3 + 28*o**2 - 13*o. Let f be i(27). What is the tens digit of f*(27/12 - 2)*94?
4
Suppose -59*t + 60*t = -6*h + 3842, 5*h = -5*t + 19185. What is the tens digit of t?
3
Let h(j) = 1228*j**2 + 70*j - 190. What is the units digit of h(3)?
2
Let y(o) = -2*o**2 + 260*o - 2021. What is the thousands digit of y(70)?
6
Let d(a) = 221*a**2 - 169*a + 1441. What is the units digit of d(9)?
1
Suppose 1098 = 4*v + p, 3*p - 448 = -2*v + 106. Suppose 2*j = -2*t - 154, 2*t + 222 + 14 = -3*j. Let s = j + v. What is the hundreds digit of s?
1
Let w(u) = -2*u**3 + 62*u**2 + 6*u - 40. Let g be w(30). Suppose 5*k - 5*j - g = 0, 0 = 6*k - 10*k - 4*j + 1592. What is the tens digit of k?
9
Suppose 5*w - 18 = -13. Let h be 0 + 9 - (w*-2 - -3). Suppose h*d - 1365 = d. What is the hundreds digit of d?
1
Let s be (-215)/(-4) + 6/24. Suppose 3*j - 4*r = s, -4*j + 3*r - 2*r = -59. Suppose -3*p + 2*p + j = 2*t, 23 = 2*p - t. What is the units digit of p?
2
Let f be (-4)/(-8) - 30/(-4). Let z(m) be the third derivative of 5*m**4/4 + 31*m**3/3 - 68*m**2 + 1. What is the hundreds digit of z(f)?
3
Suppose 5*q = q - 4. Let p be 1 + 0 + (29 - q). Let f = p + -19. What is the units digit of f?
2
Suppose 2*z - 6*d = -10*d + 70998, 3*z + 4*d = 106507. What is the ten thousands digit of z?
3
Suppose 0 = 11*s - 0*s - 187. What is the thousands digit of (342/(-7))/(s/(-476))?
1
Let a be 47 + -3 + (5 - 1). Let n be 224/a + (-1)/(-3). Suppose 12 + 48 = n*k. What is the tens digit of k?
1
Suppose 9*r - 8*r + 96 = 0. What is the hundreds digit of (-1455)/(-18)*r/(-16)?
4
Let s = -33217 + 54841. What is the tens digit of s?
2
Let k = 45 - -27. Let g(m) = -k*m - 9 - 4*m**2 - 83*m + 183*m. What is the units digit of g(5)?
1
Let x be ((-232)/435 - 2/(-10))*(-2 + -598). Let b be 1/(-4) - 2/(-8). Suppose b = -a - 3*a - 3*v + x, a + 4*v = 37. What is the units digit of a?
3
What is the ten thousands digit of (4 - -10830) + 9 + -1?
1
Suppose -5*g + 31*x - 36*x = -14000, 2794 = g + 2*x. What is the units digit of g?
6
Suppose 12*d - 14*d = -452. Suppose 134 = 5*v - d. Suppose 4*f + 8 = 0, q + q = -f + v. What is the units digit of q?
7
Let q(g) = 4*g - 17. Let b be q(5). Suppose -2*o - 3*z + 1141 = 3*o, -4*o = -b*z - 929. What is the units digit of o?
0
Suppose 34*l - s - 66134 = 29*l, 5*l + 3*s - 66158 = 0. What is the hundreds digit of l?
2
Suppose -4*p = -3*n - 82, p + 7*n - 2*n - 32 = 0. Let l(y) = y**3 - 22*y**2 - 7. Let a be l(p). What is the tens digit of (-2)/a + (2036/7)/4?
7
Suppose 3*w + 0*p - 4*p - 44547 = 0, 0 = -5*w + 2*p + 74245. Suppose -3404 = 15*u - w. What is the hundreds digit of u?
7
What is the ten thousands digit of (-6309)/21*(-10 + -165)?
5
Let w = 1756 + -925. Let g = 1567 - w. What is the tens digit of g?
3
Let o(s) be the first derivative of s**3 + 4*s**2 + 26*s - 179. Suppose 2*v - 7*v = 30. What is the units digit of o(v)?
6
Let k(i) = i + 12. Let n be k(18). Suppose w - 20 - n = 0. Suppose 0*a = a + y - w, 10 = 5*y. What is the units digit of a?
8
Suppose 5119 = -2*r - 5*j, 4*r + 10262 = 2*j - 4*j. What is the hundreds digit of (-94)/(-188) - r/2?
2
Let y(r) = 18*r**3 - r**2 + 3*r - 2. Let a be y(1). Suppose -4*u - 3 = 3*v - 0, a = v - 5*u. Suppose h = -2, 4*x - 25 = v*x - 4*h. What is the units digit of x?
3
Let g(t) = -t**3 - 4*t**2 - 2*t - 1. Let m be ((-13)/4 + 3)*-20. Suppose v = 3*u + 19, 0 = m*u - 2*u + v + 17. What is the tens digit of g(u)?
8
Let i(z) = -z**2 + 17*z - 11. Let d = -13 - -22. Suppose 2*w - d*w = -91. What is the tens digit of i(w)?
4
What is the tens digit of 2/12*60488 - (-6)/9?
8
Suppose -2*d - 1 = -5. Let b be (1 - (2 - 3))/d. What is the units digit of (17/(-34))/(b/(-26))?
3
Suppose t = 2*h + h + 49, -5*t + 3*h = -281. Let b = 136 + t. What is the units digit of b?
4
Let o be 1*5*(-4 + 1). Let u(l) be the third derivative of l**5/60 + 3*l**4/8 + 5*l**3/6 - 122*l**2. What is the units digit of u(o)?
5
Let h be 8/(-2) - (706 - 10). Let v = h - -1117. What is the tens digit of v?
1
What is the thousands digit of 15 + 10914 + 6 + -5 + 0?
0
Suppose -30*z + 8531 = t - 29*z, -3*z + 51165 = 6*t. What is the thousands digit of t?
8
Let p = 894 - 731. Let n = 701 - p. What is the hundreds digit of n?
5
Let m be (10 + -4)/(3/144). Suppose -b = -180 - m. Suppose -4*s = -4*u + b, 4*u + 5*s - 428 = s. What is the tens digit of u?
1
Let b(c) = c**2 - 20*c + 145. Let h be 10/15*51/(-2) + -5. What is the hundreds digit of b(h)?
0
Suppose -3*j - 7 - 65 = 0. Let t(p) = p**3 + 28*p**2 + 93*p + 22. What is the tens digit of t(j)?
9
Let h be 23/(-138) + (-1249)/(-6). Let r = h + -75. What is the hundreds digit of r?
1
Let f(t) = -t**2 + 116. Let m be 688/32 - (-1)/2. Let b(r) = r**3 - 22*r**2 - r + 22. Let y be b(m). What is the hundreds digit of f(y)?
1
Suppose 7*w = w + 18. Suppose -2*q + 8*f = 4*f - 16, w*q = 5*f + 23. Suppose -150 = 4*s - q*s. What is the units digit of s?
5
Suppose 7*m - 50625 = -35288. What is the tens digit of m?
9
Suppose -135 + 132 = g. What is the units digit of g*62*41/(-82)?
3
Suppose -16*b + 15317 + 1236868 - 112185 = 0. What is the hundreds digit of b?
2
Suppose 4*b = -4*v + 33824, 0 = -2*b + 3*v + 2883 + 14019. What is the hundreds digit of b?
4
What is the tens digit of 9417 + 198/11 + -10?
2
Suppose -4*m + 37610 = 4*d - 57338, -2*d = -5*m + 118706. What is the tens digit of m?
4
Let k(t) = -t**3 - 76*t**2 - 282*t - 552. What is the thousands digit of k(-73)?
4
Suppose 3*o - 10 = l, -2*l - 10*o + 25 = -7*o. Suppose l*s - 513 = 967. What is the hundreds digit of s?
2
Let a(t) = -t + 5. Let f be a(4). Let c be 2/f + 1134/((-18)/6). Let n = c - -546. What is the tens digit of n?
7
Let l = 19303 + -13643. What is the tens digit of l?
6
Suppose 3*d - 13 = -49. Let z(u) = -u**3 - 16*u**2 - 25*u - 8. Let b be z(d). Let g = 560 + b. What is the hundreds digit of g?
2
Let d = 117 + -114. Suppose 3*u - 1841 = -4*z, 1897 - 54 = d*u + 2*z